se 4?
-300003
Convert 493 (base 14) to base 7.
2443
-100010111 (base 2) to base 10
-279
Convert -29a6 (base 13) to base 2.
-1011110100011
50543 (base 8) to base 15
6290
Convert 100001101110101 (base 2) to base 5.
1023034
What is -5133 (base 7) in base 10?
-1788
What is 221131 (base 4) in base 5?
41103
What is 133044 (base 5) in base 11?
4069
Convert -245 (base 7) to base 16.
-83
Convert -103a5 (base 11) to base 10.
-15119
What is 1001001011110011 (base 2) in base 3?
1220121022
What is -9961 (base 13) in base 3?
-1002022121
ca5 (base 13) to base 15
993
14e (base 15) to base 8
453
123e (base 15) to base 5
111014
What is -b216 (base 12) in base 11?
-13569
Convert -22158 (base 9) to base 4.
-3211322
Convert 11212 (base 4) to base 15.
18d
-3640 (base 11) to base 16
-129b
Convert -42c (base 15) to base 5.
-12232
-553 (base 6) to base 14
-113
-200111111 (base 3) to base 9
-20444
Convert 324003 (base 5) to base 3.
120021011
10213 (base 4) to base 11
249
What is 6754 (base 9) in base 15?
172a
Convert 1165 (base 10) to base 15.
52a
-101120102 (base 3) to base 7
-31316
Convert 86c6 (base 15) to base 16.
6f78
-101000011010000 (base 2) to base 9
-31336
11103220 (base 4) to base 11
15370
Convert 9db (base 15) to base 12.
135b
Convert 17d (base 15) to base 4.
11113
Convert 4cab (base 16) to base 11.
13823
Convert -192 (base 15) to base 7.
-1025
What is 5505 (base 6) in base 5?
20030
102240 (base 7) to base 16
44d3
Convert 11011011 (base 2) to base 9.
263
Convert -220430 (base 7) to base 4.
-21123221
What is -3021 (base 5) in base 6?
-1442
What is -6353 (base 15) in base 10?
-21003
-cb (base 14) to base 15
-be
What is -10163 (base 7) in base 16?
-9bf
Convert -24a7 (base 11) to base 4.
-302333
Convert 809 (base 15) to base 7.
5163
What is 1010110001100 (base 2) in base 5?
134031
Convert 745 (base 11) to base 8.
1600
What is -20200122 (base 3) in base 11?
-3734
What is -a484 (base 11) in base 5?
-421021
What is -89 (base 14) in base 2?
-1111001
26333 (base 8) to base 7
45323
1075 (base 10) to base 7
3064
-14843 (base 10) to base 15
-45e8
-8f6 (base 16) to base 9
-3128
-46121 (base 7) to base 5
-333401
What is 29 (base 10) in base 7?
41
Convert 10222 (base 5) to base 3.
221110
What is -513 (base 8) in base 7?
-652
Convert e8d (base 16) to base 10.
3725
What is -722 (base 16) in base 2?
-11100100010
11000 (base 8) to base 16
1200
What is 221 (base 5) in base 10?
61
What is 8c12 (base 15) in base 2?
111010000010101
What is -2da (base 14) in base 8?
-1110
Convert -7c (base 13) to base 6.
-251
-211101002 (base 3) to base 11
-11288
-10153 (base 6) to base 9
-1776
What is b1d (base 16) in base 15?
c9a
What is 540 (base 14) in base 4?
100030
What is -2442 (base 9) in base 15?
-815
What is -ba56 (base 13) in base 5?
-1312203
56225 (base 10) to base 4
31232201
Convert 201404 (base 5) to base 14.
250b
27d (base 14) to base 11
418
What is 5356 (base 7) in base 10?
1903
Convert 1dff (base 16) to base 15.
241e
What is -102211201 (base 3) in base 12?
-4bb4
Convert 12bb (base 13) to base 6.
20241
What is -1023010 (base 4) in base 9?
-6527
Convert 1816 (base 9) to base 2.
10101110000
What is -11012 (base 3) in base 8?
-161
Convert -749 (base 11) to base 8.
-1604
What is 12b (base 15) in base 4?
10022
Convert 121051 (base 7) to base 5.
1200423
Convert -21212 (base 5) to base 4.
-112120
Convert 133 (base 16) to base 3.
102101
What is -11111011101 (base 2) in base 6?
-13153
-1b8 (base 12) to base 16
-11c
What is -2a12 (base 15) in base 8?
-21471
Convert 200112112 (base 3) to base 11.
a176
-2351 (base 11) to base 4
-300021
What is 11011110101100 (base 2) in base 13?
6644
What is 1de (base 15) in base 11?
365
7641 (base 8) to base 3
12111012
Convert -1100111100 (base 2) to base 5.
-11303
Convert 617 (base 9) to base 16.
1f6
-420 (base 8) to base 12
-1a8
-40 (base 16) to base 9
-71
Convert 101000001 (base 2) to base 3.
102220
1010002 (base 3) to base 11
679
Convert -21 (base 6) to base 9.
-14
What is -8217 (base 13) in base 9?
-26536
Convert 103614 (base 7) to base 2.
100011011011101
What is 25350 (base 9) in base 13?
79bc
-4650 (base 7) to base 13
-a0b
Convert 472 (base 14) to base 5.
12014
What is 13a88 (base 11) in base 12?
b658
-330101 (base 5) to base 10
-11276
17d0 (base 16) to base 11
4642
Convert 2032013 (base 4) to base 5.
242340
What is -1de (base 15) in base 13?
-275
38840 (base 11) to base 12
281bb
-310222 (base 4) to base 11
-2594
-d5 (base 15) to base 14
-104
-4051 (base 12) to base 10
-6973
What is -35241 (base 7) in base 10?
-9045
-2645 (base 11) to base 8
-6555
What is -21120 (base 4) in base 3?
-211020
Convert -542 (base 8) to base 10.
-354
-12303 (base 12) to base 14
-8d91
What is 7dad (base 16) in base 6?
404541
What is -101001000011101 (base 2) in base 8?
-51035
What is -125a (base 14) in base 11?
-2464
What is -197 (base 11) in base 15?
-102
Convert -833 (base 11) to base 4.
-33230
What is 115240 (base 6) in base 3?
112001120
What is 5a9 (base 12) in base 8?
1521
Convert 3638 (base 10) to base 13.
186b
-134 (base 15) to base 8
-422
-12337 (base 9) to base 15
-26d1
-1010001011111110 (base 2) to base 14
-112c6
What is 663 (base 12) in base 15?
429
Convert -2c5 (base 16) to base 11.
-595
Convert 1001010010100101 (base 2) to base 16.
94a5
Convert -2256 (base 7) to base 12.
-589
Convert -5752 (base 9) to base 3.
-12211202
Convert -101213 (base 5) to base 4.
-303230
What is -18e7 (base 16) in base 8?
-14347
1236 (base 8) to base 11
55a
What is -1003 (base 4) in base 11?
-61
What is 101060 (base 7) in base 12?
9b48
What is 4db9 (base 16) in base 9?
30257
14523 (base 10) to base 15
4483
Convert -326 (base 12) to base 6.
-2050
Convert 13116 (base 7) to base 13.
1788
Convert -4006 (base 7) to base 11.
-1043
What is 11202 (base 3) in base 15?
88
What is 414 (base 10) in base 11?
347
Convert -e70d (base 15) to base 13.
-192ca
-2632 (base 11) to base 6
-23503
Convert 624 (base 8) to base 16.
194
-1233 (base 9) to base 10
-921
What is 7d4 (base 14) in base 4?
120112
What is 10111111101 (base 2) in base 5?
22113
What is -50403 (base 6) in base 14?
-25b5
Convert -4172 (base 9) to base 10.
-3062
What is 4236 (base 8) in base 2?
100010011110
1000223 (base 6) to base 16
b697
1103230 (base 4) to base 5
132411
-314042 (base 6) to base 13
-b7c8
-3551 (base 9) to base 2
-101001001110
-10166 (base 8) to base 10
-4214
-10002112 (base 3) to base 5
-33010
-a42 (base 16) to base 2
-101001000010
Convert -11110011001 (base 2) to base 3.
-2200001
What is -101000001000 (base 2) in base 11?
-1a25
Convert 10306 (base 8) to base 5.
114134
Convert -227 (base 11) to base 16.
-10f
What is -5730 (base 8) in base 13?
-14c3
What is -10fb (base 16) in base 3?
-12222000
-301101 (base 4) to base 6
-22333
What is -5043 (base 6) in base 9?
-1460
What is 1110000101 (base 2) in base 16?
385
What is -1762 (base 11) in base 7?
-6356
Convert -2010 (base 7) to base 15.
-313
What is 2971 (base 15) in base 7?
34615
-1648 (base 10) to base 5
-23043
12045 (base 6) to base 14
8d7
What is -22201031 (base 4) in base 15?
-cb75
5b68 (base 14) to base 2
11111001100000
f (base 16) to base 7
21
1639 (base 12) to base 9
3550
What is 4c2b (base 15) in base 12?
9495
Convert 7305 (base 16) to base 15.
8ad0
What is 1011100 (base 2) in base 3?
10102
Convert 31233113 (base 4) to base 5.
3300104
What is 12290 (base 10) in base 8?
30002
339 (base 14) to base 2
1001111111
What is 1b0b (base 15) in base 5?
141421
22316 (base 8) to base 2
10010011001110
What is 3433 (base 11) in base 10?
4513
Convert 4122 (base 5) to base 4.
20121
-2123 (base 7) to base 10
-752
1533 (base 9) to base 11
969
What is 5044 (base 7) in base 6?
12031
What is -209 (base 11) in base 15?
-11b
-582 (base 11) to base 9
-852
Convert -18835 (base 13) to base 14.
-13473
What is a9 (base 14) in base 7?
302
-11325 (base 9) to base 7
-31013
What is -34d (base 15) in base 11?
-620
29f (base 16) to base 15
2eb
What is -1011114 (base 5) in base 4?
-10000121
-941 (base 13) to base 10
-1574
What is -2261 (base 15) in base 9?
-11001
1144 (base 11) to base 16
5dc
Convert 682 (base 9) to base 3.
202202
143314 (base 5) to base 8
13704
Convert 10233 (base 6) to base 12.
979
-10942 (base 14) to base 4
-21310232
Convert 29 (base 16) to base 4.
221
Convert 136 (base 13) to base